ivisor of 228 and 133.
19
Calculate the highest common factor of 11172 and 57.
57
Calculate the greatest common factor of 45 and 4005.
45
Calculate the greatest common factor of 34 and 34.
34
What is the highest common factor of 9471 and 77?
77
What is the highest common divisor of 800 and 2560?
160
What is the highest common factor of 3003 and 7?
7
What is the highest common factor of 28 and 4?
4
What is the highest common divisor of 555 and 540?
15
Calculate the highest common divisor of 2 and 94.
2
Calculate the greatest common factor of 21625 and 125.
125
What is the greatest common factor of 510 and 476?
34
What is the highest common factor of 952 and 578?
34
What is the highest common factor of 26 and 26?
26
What is the highest common factor of 2 and 19?
1
What is the greatest common divisor of 2178 and 72?
18
What is the greatest common factor of 15 and 6?
3
What is the highest common divisor of 48 and 135?
3
Calculate the greatest common factor of 299 and 52.
13
Calculate the highest common factor of 40080 and 32.
16
Calculate the highest common factor of 2 and 2126.
2
What is the greatest common factor of 609 and 1914?
87
What is the greatest common factor of 44 and 55?
11
Calculate the highest common divisor of 1218 and 42.
42
What is the highest common divisor of 1968 and 12?
12
What is the greatest common divisor of 819 and 72?
9
Calculate the greatest common divisor of 16 and 16.
16
What is the highest common factor of 282 and 27166?
94
What is the greatest common divisor of 1155 and 1785?
105
What is the highest common divisor of 4224 and 12?
12
Calculate the highest common divisor of 714 and 1190.
238
What is the greatest common factor of 13205 and 190?
95
What is the highest common divisor of 176 and 308?
44
What is the greatest common divisor of 220 and 198?
22
What is the greatest common divisor of 2460 and 60?
60
Calculate the greatest common divisor of 371 and 21.
7
Calculate the greatest common divisor of 13 and 208.
13
Calculate the highest common factor of 210 and 75.
15
Calculate the highest common divisor of 6992 and 115.
23
What is the highest common factor of 65 and 2119?
13
What is the highest common divisor of 832 and 13?
13
What is the greatest common divisor of 205 and 328?
41
Calculate the greatest common divisor of 1945 and 5.
5
What is the highest common divisor of 84 and 3220?
28
Calculate the highest common divisor of 77 and 11.
11
Calculate the highest common factor of 11705 and 5.
5
What is the highest common divisor of 9 and 8064?
9
What is the greatest common divisor of 16 and 5?
1
Calculate the highest common divisor of 80 and 110.
10
Calculate the greatest common factor of 96 and 456.
24
What is the greatest common divisor of 775 and 589?
31
Calculate the highest common divisor of 24 and 8088.
24
What is the highest common divisor of 88 and 44?
44
Calculate the highest common factor of 7249 and 11.
11
What is the greatest common divisor of 520 and 338?
26
What is the greatest common divisor of 108 and 23940?
36
What is the greatest common divisor of 4 and 196?
4
What is the greatest common divisor of 551 and 4427?
19
Calculate the highest common divisor of 7400 and 50.
50
What is the greatest common factor of 1507 and 2055?
137
What is the highest common factor of 9 and 1503?
9
Calculate the greatest common factor of 103 and 6.
1
Calculate the greatest common factor of 18 and 402.
6
What is the highest common factor of 90 and 2880?
90
What is the highest common factor of 1421 and 1073?
29
Calculate the greatest common divisor of 9075 and 1100.
275
What is the highest common factor of 589 and 608?
19
What is the greatest common divisor of 13965 and 196?
49
What is the highest common divisor of 141 and 3?
3
Calculate the highest common factor of 56 and 476.
28
What is the highest common divisor of 10 and 205?
5
Calculate the greatest common factor of 448 and 4284.
28
Calculate the greatest common divisor of 58940 and 140.
140
Calculate the greatest common factor of 3216 and 48.
48
Calculate the greatest common factor of 13 and 13169.
13
Calculate the highest common factor of 68 and 8.
4
Calculate the highest common divisor of 375 and 25.
25
What is the highest common divisor of 2 and 118?
2
What is the greatest common factor of 66 and 858?
66
Calculate the greatest common divisor of 315 and 504.
63
Calculate the highest common divisor of 30 and 150.
30
Calculate the highest common factor of 110 and 825.
55
What is the highest common divisor of 85 and 21335?
85
What is the greatest common divisor of 453 and 12?
3
Calculate the highest common divisor of 1463 and 308.
77
Calculate the highest common divisor of 42 and 154.
14
Calculate the highest common factor of 104 and 1755.
13
What is the greatest common factor of 66 and 99?
33
Calculate the greatest common factor of 292 and 4.
4
Calculate the highest common factor of 3 and 5247.
3
Calculate the highest common factor of 130 and 416.
26
Calculate the greatest common factor of 119 and 85.
17
Calculate the highest common factor of 90 and 75.
15
Calculate the highest common factor of 95 and 4427.
19
Calculate the greatest common factor of 768 and 1464.
24
What is the greatest common divisor of 21286 and 174?
58
What is the greatest common factor of 464 and 29?
29
Calculate the highest common divisor of 1199 and 218.
109
What is the greatest common factor of 976 and 80?
16
Calculate the highest common divisor of 60 and 21.
3
What is the highest common factor of 16 and 32?
16
Calculate the highest common factor of 351 and 13.
13
What is the greatest common divisor of 1088 and 68?
68
What is the highest common factor of 93 and 6169?
31
Calculate the greatest common divisor of 7461 and 9.
9
Calculate the highest common divisor of 11410 and 70.
70
What is the greatest common divisor of 14510 and 10?
10
What is the greatest common factor of 104 and 572?
52
What is the highest common divisor of 165 and 75?
15
Calculate the greatest common divisor of 1353 and 132.
33
Calculate the greatest common divisor of 273 and 52.
13
Calculate the highest common factor of 296 and 814.
74
Calculate the highest common factor of 16 and 2540.
4
What is the greatest common factor of 132 and 1276?
44
Calculate the highest common factor of 27 and 261.
9
What is the greatest common divisor of 120 and 1575?
15
What is the highest common divisor of 55 and 26345?
55
Calculate the greatest common divisor of 1241 and 17.
17
Calculate the greatest common factor of 45 and 9.
9
What is the greatest common factor of 1431 and 81?
27
Calculate the greatest common divisor of 370 and 170.
10
What is the highest common factor of 165 and 240?
15
Calculate the highest common divisor of 852 and 26199.
213
What is the greatest common divisor of 51 and 3060?
51
Calculate the greatest common divisor of 31 and 279.
31
What is the greatest common divisor of 2576 and 56?
56
Calculate the highest common factor of 39 and 130.
13
What is the highest common factor of 49 and 1?
1
Calculate the highest common factor of 772 and 5211.
193
Calculate the greatest common factor of 434 and 42.
14
What is the highest common divisor of 119 and 21?
7
What is the highest common factor of 160 and 224?
32
Calculate the greatest common divisor of 86 and 30788.
86
What is the highest common factor of 256 and 96?
32
What is the highest common divisor of 940 and 188?
188
What is the highest common divisor of 3002 and 474?
158
Calculate the greatest common divisor of 15220 and 20.
20
Calculate the highest common factor of 60 and 2115.
15
What is the greatest common divisor of 5472 and 32?
32
What is the greatest common divisor of 18 and 4194?
18
Calculate the highest common factor of 57 and 22249.
19
What is the greatest common factor of 742 and 224?
14
What is the greatest common factor of 620 and 372?
124
What is the highest common factor of 1397 and 1016?
127
Calculate the greatest common divisor of 459 and 297.
27
Calculate the greatest common divisor of 297 and 189.
27
Calculate the greatest common factor of 3953 and 59.
59
Calculate the highest common factor of 315 and 90.
45
Calculate the highest common divisor of 6985 and 381.
127
Calculate the highest common factor of 1284 and 68.
4
Calculate the highest common divis